remainder when 1479266 is divided by 10957.
71
What is the remainder when 2559617 is divided by 116293?
1171
Calculate the remainder when 183758 is divided by 13116.
134
What is the remainder when 697299 is divided by 491?
79
Calculate the remainder when 431102 is divided by 21520.
702
What is the remainder when 432383 is divided by 26483?
8655
What is the remainder when 7069241 is divided by 17200?
41
Calculate the remainder when 74992 is divided by 801.
499
Calculate the remainder when 77809293 is divided by 48.
45
What is the remainder when 8815333 is divided by 1850?
83
What is the remainder when 10452901 is divided by 568?
565
What is the remainder when 1396511 is divided by 6048?
5471
Calculate the remainder when 26370969 is divided by 93.
75
Calculate the remainder when 142530 is divided by 2035.
80
Calculate the remainder when 33144 is divided by 16495.
154
What is the remainder when 32938469 is divided by 2317?
2314
What is the remainder when 1190288 is divided by 3553?
33
What is the remainder when 1807968 is divided by 8593?
3438
Calculate the remainder when 673992 is divided by 15674.
10
What is the remainder when 158148 is divided by 3782?
3086
Calculate the remainder when 340881 is divided by 56803.
63
What is the remainder when 3223 is divided by 2505?
718
What is the remainder when 304252 is divided by 850?
802
Calculate the remainder when 424137 is divided by 106029.
21
Calculate the remainder when 149370 is divided by 35873.
5878
Calculate the remainder when 1755811 is divided by 1424.
19
Calculate the remainder when 1598497 is divided by 1947.
10
What is the remainder when 364129 is divided by 36412?
9
Calculate the remainder when 34481 is divided by 10670.
2471
What is the remainder when 502095 is divided by 12858?
633
What is the remainder when 37861152 is divided by 43369?
15
What is the remainder when 19362124 is divided by 29651?
21
Calculate the remainder when 1930349 is divided by 21.
8
Calculate the remainder when 828692 is divided by 298.
252
What is the remainder when 131527 is divided by 1244?
907
Calculate the remainder when 11696574 is divided by 3898855.
9
What is the remainder when 105213 is divided by 105124?
89
Calculate the remainder when 915111 is divided by 228777.
3
Calculate the remainder when 2342415 is divided by 185.
130
Calculate the remainder when 53856280 is divided by 8976045.
10
Calculate the remainder when 16924 is divided by 1470.
754
Calculate the remainder when 3355855 is divided by 1162.
1161
Calculate the remainder when 8687372 is divided by 1447892.
20
What is the remainder when 5735736 is divided by 2218?
2206
Calculate the remainder when 29308 is divided by 332.
92
Calculate the remainder when 11682306 is divided by 257.
114
What is the remainder when 1939550 is divided by 1760?
30
Calculate the remainder when 424954 is divided by 20.
14
Calculate the remainder when 538061 is divided by 3342.
3341
What is the remainder when 2754855 is divided by 108?
99
What is the remainder when 96642 is divided by 281?
259
What is the remainder when 1377035 is divided by 1528?
307
What is the remainder when 955427 is divided by 578?
571
Calculate the remainder when 683280 is divided by 493.
475
What is the remainder when 16972560 is divided by 7854?
66
What is the remainder when 368953 is divided by 722?
11
Calculate the remainder when 22081 is divided by 6747.
1840
What is the remainder when 9371334 is divided by 312?
102
What is the remainder when 16550735 is divided by 1379227?
11
Calculate the remainder when 12562 is divided by 111.
19
Calculate the remainder when 180976 is divided by 794.
738
What is the remainder when 64959627 is divided by 19?
14
Calculate the remainder when 747279 is divided by 1066.
13
Calculate the remainder when 14137888 is divided by 69.
64
What is the remainder when 2044327 is divided by 104?
103
Calculate the remainder when 677680 is divided by 3683.
8
What is the remainder when 79118 is divided by 25633?
2219
Calculate the remainder when 10700762 is divided by 991.
935
Calculate the remainder when 36635169 is divided by 28.
25
Calculate the remainder when 723736 is divided by 138.
64
What is the remainder when 58220184 is divided by 322?
8
Calculate the remainder when 777904 is divided by 806.
114
Calculate the remainder when 142514 is divided by 1034.
856
Calculate the remainder when 3646692 is divided by 1215541.
69
Calculate the remainder when 573542 is divided by 12.
2
What is the remainder when 496962 is divided by 609?
18
Calculate the remainder when 330134 is divided by 1264.
230
What is the remainder when 590082 is divided by 405?
402
Calculate the remainder when 9226626 is divided by 922661.
16
What is the remainder when 5802856 is divided by 28?
24
Calculate the remainder when 249603 is divided by 73.
16
What is the remainder when 12997515 is divided by 682?
641
What is the remainder when 1376 is divided by 74?
44
Calculate the remainder when 194788 is divided by 48.
4
Calculate the remainder when 8914582 is divided by 228579.
1
What is the remainder when 2690815 is divided by 18685?
175
What is the remainder when 3316346 is divided by 12?
2
Calculate the remainder when 487798 is divided by 34673.
2376
Calculate the remainder when 513470 is divided by 4257.
2630
What is the remainder when 300685 is divided by 780?
385
Calculate the remainder when 1075266 is divided by 190.
56
Calculate the remainder when 59646 is divided by 8082.
3072
What is the remainder when 52376 is divided by 26178?
20
Calculate the remainder when 385736 is divided by 77135.
61
Calculate the remainder when 1739666 is divided by 126.
110
Calculate the remainder when 2271 is divided by 605.
456
What is the remainder when 17022573 is divided by 782?
779
What is the remainder when 7169368 is divided by 20?
8
Calculate the remainder when 4974907 is divided by 742.
539
What is the remainder when 7874 is divided by 102?
20
Calculate the remainder when 10121417 is divided by 144.
89
Calculate the remainder when 84161 is divided by 12020.
21
Calculate the remainder when 457711 is divided by 41374.
2597
What is the remainder when 1214665283 is divided by 2721?
2720
Calculate the remainder when 2673037 is divided by 1336512.
13
What is the remainder when 802443 is divided by 6913?
535
Calculate the remainder when 1593999 is divided by 117.
108
Calculate the remainder when 679127 is divided by 6789.
227
Calculate the remainder when 118813 is divided by 1450.
1363
Calculate the remainder when 7330130 is divided by 1930.
1920
Calculate the remainder when 137374 is divided by 765.
439
Calculate the remainder when 70909379 is divided by 209791.
21
Calculate the remainder when 10319486 is divided by 93813.
56
What is the remainder when 14857904 is divided by 2971570?
54
Calculate the remainder when 167294441 is divided by 42.
41
What is the remainder when 48006359 is divided by 547?
545
What is the remainder when 1433728 is divided by 6731?
25
Calculate the remainder when 263105 is divided by 9065.
220
What is the remainder when 414014 is divided by 11826?
104
What is the remainder when 145921 is divided by 2754?
2713
Calculate the remainder when 3388833 is divided by 677763.
18
What is the remainder when 1263698 is divided by 57438?
62
Calculate the remainder when 24597845 is divided by 63.
62
What is the remainder when 3500008 is divided by 4470?
4468
Calculate the remainder when 871423 is divided by 54462.
31
What is the remainder when 30333813 is divided by 30333772?
41
What is the remainder when 299781 is divided by 2340?
261
What is the remainder when 240667 is divided by 29820?
2107
What is the remainder when 2718183 is divided by 33?
6
What is the remainder when 707289 is divided by 353603?
83
Calculate the remainder when 197126918 is divided by 20.
18
Calculate the remainder when 94313231 is divided by 216812.
11
Calculate the remainder when 9936 is divided by 8882.
1054
What is the remainder when 11905912 is divided by 1340?
12
Calculate the remainder when 2645101 is divided by 56.
53
Calculate the remainder when 986293 is divided by 6.
1
Calculate the remainder when 26934 is divided by 213.
96
What is the remainder when 440776 is divided by 543?
403
What is the remainder when 81743486 is d